ivided by 272.
39
Suppose -206 = -541*z + 540*z. Suppose -z = 13*h - 544. What is the remainder when 256 is divided by h?
22
Suppose 58*i + 1287 = 157*i. Calculate the remainder when 38 is divided by i.
12
Suppose 279*a - 29098 = 89756. Calculate the remainder when a is divided by 39.
36
Calculate the remainder when 1470 is divided by (6/21 - -1*80/(-35))*-16.
30
Let a = -1059 - -1321. What is the remainder when 277 is divided by a?
15
Let f(c) = -c**2 - 13*c + 11. Let j be f(-14). Calculate the remainder when (-2)/(-4)*(189 + j) is divided by 19.
17
Calculate the remainder when (-143 + -31)*(-4)/6 is divided by 40*(-1)/4*-2.
16
Let a = -262 + 1106. Calculate the remainder when a is divided by 16.
12
Let o be (-70 - 4)*(0 + -2). Suppose 11*j - 17 - o = 0. Suppose -25 = 5*d, 8 = -4*g + 2*d + 106. What is the remainder when g is divided by j?
7
Let k be 4/12 + (-17)/(-3). Let o(b) = k*b**2 - 4*b + 9*b - 8 + 0*b**2. Calculate the remainder when o(-5) is divided by 30.
27
Let x be 246/22 + (-11)/((-121)/(-2)). Suppose x*k - 188 = 439. Calculate the remainder when 226 is divided by k.
55
Suppose 2*p = -2*b - 16, -4*p = 5*b - 4*b - 7. Let r be (4 - -1) + -1 - b. Suppose -r*g + 104 = 36. Calculate the remainder when 13 is divided by g.
1
Let b = 6 + -2. Let x(g) = 5*g**3 + g**2 - 5*g - 6. What is the remainder when x(b) is divided by 39?
37
Let m(o) = -o**2 - 47*o + 393. Let a be m(-54). Calculate the remainder when 139 is divided by (6/10)/(a/550).
7
Let w be (8 - 2)/(-3) - 48/4. Let n be (6/(-7))/(3/w). Suppose 4*l = n*s - 44, -20 + 3 = -s + 4*l. Calculate the remainder when 26 is divided by s.
8
Let n be -1 + -444 + 0 - (42 + -46). Let f = n - -494. What is the remainder when 66 is divided by f?
13
Let z = 38 + -4. Suppose -z = 5*s - 104. Calculate the remainder when 38 is divided by s.
10
Let z(d) be the first derivative of d**4/4 + 7*d**3/3 - 59*d**2/2 + 39*d - 79. Let r = 3 + 12. Calculate the remainder when z(-12) is divided by r.
12
Let l(h) = 6*h**2 - 496*h - 401. Calculate the remainder when l(88) is divided by 93.
90
Suppose 4435 = -d + 21*d - 2625. Calculate the remainder when d is divided by 50.
3
Calculate the remainder when ((-370)/111)/(8/(-874)) + (-1)/6 is divided by 8.
4
Let s = -65 + 65. Suppose 2*t - 11*t + 27 = s. Suppose 4*r + 4*x + 8 = 448, -t*x = -3*r + 330. What is the remainder when r is divided by 16?
14
Suppose -10*f + 214 = -46. Let s = -149 - -152. What is the remainder when f is divided by s?
2
Suppose -3*j - 2*z + 74 = -j, -2*z = -j + 43. What is the remainder when j is divided by 11 + (0 - (0 - 9))?
19
Let y = 3882 - 3678. Calculate the remainder when y is divided by 32.
12
Let f(k) = -4*k - 7. Let s be f(12). Suppose 2*a - p - 46 = 144, 113 = a + 4*p. Let n = a + s. What is the remainder when 83 is divided by n?
41
Let j be (((-120)/5)/6)/((-2)/(-3)). Calculate the remainder when j/8 + (741/12 - -2) is divided by 34.
29
Suppose 23680 = -11*b + 9*b + 42*b. What is the remainder when b is divided by 22?
20
Suppose 4*h - 3*h + 3*v + 9 = 0, -2*v - 17 = -3*h. Suppose 5*y - 313 = -9*p + 10*p, h*y - 5*p - 179 = 0. What is the remainder when y is divided by 23?
17
Let k = 140 - 154. Let u(f) = f + 33. What is the remainder when 56 is divided by u(k)?
18
Let d = -207 - -212. Suppose -t - d*v = -4*t + 73, -t = 3*v - 43. What is the remainder when 32 is divided by t?
1
Suppose -6365 = -2*n - 585*k + 584*k, -3*n = 2*k - 9547. What is the remainder when n is divided by 91?
89
Let c(s) = -2*s**2 + 1. Let m be c(1). Suppose 15 + 150 = 3*a. What is the remainder when a is divided by 16 - m/3*-6?
13
Let y be ((-10)/4)/(9/(-198)). Suppose 267 + y = 23*g. Let i = 119 + -78. What is the remainder when i is divided by g?
13
Suppose 5*y - 10 = 0, 2 + 0 = 2*t - 3*y. Suppose 0*c - 136 = -t*c. Suppose 4*d + 5*z - 14 = 30, z = -5*d + c. What is the remainder when 8 is divided by d?
2
Let p = 11674 + -11408. What is the remainder when p is divided by 52?
6
Let j = 425 + -437. What is the remainder when (-18784)/(-88) - j/22 is divided by 4?
2
Let c(v) = -v**2 - 12*v + 1. Let r be (-6)/2 - -4 - 7. Calculate the remainder when 41 is divided by c(r).
4
Let n(x) = -20*x**3 - 3*x**2 + 2*x + 4. Let g be n(-2). Let k = g - 120. What is the remainder when 71 is divided by k?
15
Suppose -116239*z + 116246*z = 36211. Calculate the remainder when z is divided by 115.
113
Let k(z) = -2*z**3 - 48*z**2 - 163*z - 9. Calculate the remainder when 147 is divided by k(-20).
45
Suppose -4*x + 1144 = 5*f + 807, -2*x = -2*f + 142. What is the remainder when f is divided by 26?
17
Calculate the remainder when 91 is divided by -35*(9 - (-294)/(-30)).
7
Let u(z) = -934*z - 7449. Let d(a) = a + 1. Let n(y) = 2*y - 5. Let i(j) = 4*d(j) + n(j). What is the remainder when u(-8) is divided by i(1)?
3
Suppose 2*c + 9*r = 12*r + 13, 5*c + 3*r = 64. What is the remainder when 481 is divided by c?
8
Let n(b) = 10*b**2 + 25*b - 170. What is the remainder when n(6) is divided by 115?
110
Suppose -3770*d + 3733*d = -851. Calculate the remainder when d is divided by (-236)/(-12) - 1/(-3).
3
Suppose -4*i = -423*b + 421*b - 3750, -940 = -i - 2*b. What is the remainder when i is divided by 94?
92
Let j(a) = -a**2 - 8*a + 18. Let v be j(-10). What is the remainder when 22 is divided by 3*(1/v - (-70)/12)?
6
Let t(w) = 19*w - 91. Let r be t(19). Let n = r - 268. Suppose 0*s + 12 = 3*s. Calculate the remainder when s is divided by n.
0
Suppose -10*m - 2*q = -5*m - 51497, 0 = -4*m + 3*q + 41216. Calculate the remainder when m is divided by 161.
158
Suppose -2*f - 3 = -5*f, -2*c + 4*f = 0. Suppose 413 = c*z + 3*h, z - 4*z + 3*h = -627. Calculate the remainder when z is divided by 54.
46
Let o = 17 - 9. Let c = o - 2. Calculate the remainder when 6 + 2 + 14 + -6 is divided by c.
4
Suppose 22 = 6*q - 5*q + 4*w, -q = -5*w + 5. Calculate the remainder when (-2)/6*(-295 - -1)/2 is divided by q.
9
Let k(i) = 769*i - 582. What is the remainder when k(3) is divided by 133?
129
What is the remainder when 35 is divided by 40/(-7)*(-413)/118?
15
Suppose -82*m + 83*m - 5 = 0. Suppose -840 = -4*b - 3*c, 0*b = -4*b - m*c + 848. Calculate the remainder when b is divided by 70.
67
Suppose 0 = 2*f - 18 - 10. Let q(w) = 411*w - 5. Let a be q(1). Suppose -3*c - a = -5*u, 4*u + 2*c = -c + 341. Calculate the remainder when u is divided by f.
13
Suppose 2*f - 4*z = -157 - 865, -4*f + z = 2079. Let n = f - -540. Calculate the remainder when n is divided by 8.
3
Suppose 3*h = -x + 42, 5*h + 6*x = 8*x + 15. Suppose s - 4*n - 12 = 22, -s - 3*n = -55. Calculate the remainder when s is divided by h.
1
Let y = -835 - -984. Calculate the remainder when 394 is divided by y.
96
Let h(z) = -z**3 + 2*z + 149. Suppose -4*c + 3*c = 3*c. What is the remainder when h(c) is divided by (-38)/(-4)*(2*-4)/(-2)?
35
Let r be (-21)/(-7)*(-2)/(-3). Let x(b) = 4*b**2 + 27 - 39 + 16 - 3*b. Calculate the remainder when 68 is divided by x(r).
12
Let x(w) = w**3 + 23*w**2 - 5*w - 10. Let t be x(-23). Suppose j + 2*v + t = 268, 3*j + 5*v - 484 = 0. Calculate the remainder when j is divided by 39.
36
Suppose -1365*b + 1337*b = -16576. What is the remainder when b is divided by 59?
2
Suppose -66914*q + 3*n - 24 = -66917*q - 0*n, n = -5. Suppose 2*s - 284 = -2*s. What is the remainder when s is divided by q?
6
Let c = 217 - 213. Suppose 3*a - c*k + 24 = 63, 65 = 5*a + k. What is the remainder when 24 is divided by a?
11
What is the remainder when (-40372250)/(-6750) - (-2)/(-27) is divided by 34?
31
Let c = 6656 - 4103. Calculate the remainder when c is divided by 12.
9
Suppose -10*a + 17*a - 5472 = -17*a. What is the remainder when a is divided by 58?
54
Calculate the remainder when 1467 is divided by 2654/34 - 257/4369.
63
Suppose -s - s + 2*c = 558, 0 = 4*s + 4*c + 1116. What is the remainder when ((-2)/6)/(3/s) is divided by -3*(-40)/(-15) + 1 - -15?
7
Calculate the remainder when 892 is divided by ((-1754)/8)/(950/40 - 24).
15
Let i = -66 - -116. Let o = 159 - 287. Let b = o + 137. What is the remainder when i is divided by b?
5
Suppose -b + 92 - 78 = 4*q, 3 = -3*q. What is the remainder when 128 is divided by b?
2
What is the remainder when 95*8/(-11 - -19) is divided by 58?
37
Let z(w) = -7*w**2 - 89*w + 6. Let s be z(-11). Suppo